i(t) be the second derivative of -t**3/6 + 5*t**2 - 3*t. Let v be i(10). What is the units digit of (v + (-56)/(-6))*3?
8
Let l(x) be the second derivative of 0 + 1/6*x**4 - 6*x - 1/2*x**2 + 0*x**3. What is the units digit of l(-5)?
9
Let o(a) = -a**2 + 2*a + 2. Let h be (-6)/3 - (-3 - 2). Let l be o(h). What is the units digit of l/(1*(-1)/19)?
9
Let p = -35 + 143. Let o = 4 + 1. Suppose -b - p = -o*b. What is the units digit of b?
7
Let u(f) = -f + 11*f - 2*f - 1 + 34*f. What is the units digit of u(1)?
1
What is the tens digit of (-188)/(-6) + ((-7)/21)/1?
3
Suppose -6*r + 3*r + 378 = 0. Suppose -7*z + 4*z = -r. What is the units digit of z?
2
Let y be (16/56)/(1/7). Let u(x) = 5 - 2 + 10*x + y*x - 5*x. What is the tens digit of u(6)?
4
Let v(j) = 2*j**2 + 33*j - 17. What is the tens digit of v(-31)?
8
Suppose 3*s = 2*s - 2*t + 133, 4*t - 635 = -5*s. Let z = 22 + s. What is the tens digit of z?
4
Suppose 368 + 322 = 5*w. Suppose 0 = -i - 3*p + w, -p + 2*p + 146 = i. What is the hundreds digit of i?
1
Let s = -954 + 1801. Let j = 565 - s. What is the tens digit of j/(-8) - (-2)/(-8)?
3
Let x(d) = 2172*d**2 - 17*d - 16. What is the hundreds digit of x(-1)?
1
Suppose 2*b - 652 = -2*a + 2282, 5*a = b + 7311. What is the thousands digit of a?
1
Let q(j) = 32*j - 6. Let p(a) = -14*a + 2. Let k(d) = -7*p(d) - 3*q(d). Suppose -3*c - 2*c + 2*u = -25, 5*c - 5*u = 25. What is the units digit of k(c)?
4
Suppose -2*p + p = 0. Suppose -4*i + 0*i - 152 = p. Let y = i - -58. What is the units digit of y?
0
What is the units digit of 2 + 34 - 7 - (2 - 2)?
9
What is the units digit of 119577/115 - (-3)/(15/1)?
0
Let q be 175/15 - (-1)/3. Suppose q = 2*w + 2*w. Suppose m = -p + 30 - w, -3*m - 5*p + 81 = 0. What is the units digit of m?
7
Suppose 4*i = -3*w + 3169, -5*i = -3*w + 590 + 2624. What is the hundreds digit of w?
0
Let s(u) = -u**3 + 18*u**2 + 127*u - 30. What is the tens digit of s(22)?
2
Suppose -38*l - 43424 = -84*l. What is the units digit of l?
4
What is the units digit of (-2035 + 2)*(22 - 23)?
3
What is the units digit of -1 + 7 + (-4326)/(-14)?
5
Suppose -20*a + 14421 = -87759. What is the hundreds digit of a?
1
What is the hundreds digit of (5/(-10))/((-3)/1866)?
3
Let y = 15218 + -9175. What is the hundreds digit of y?
0
Let i(p) = 4*p**2 + 2*p + 20. Let y be i(-4). Let r = y - 23. What is the units digit of r?
3
Let s(n) = n + 2. Let u be s(-10). Let p be (u/(-6))/2*6. Suppose p*m = 5*i + 45, i - 15 = -2*m + 2*i. What is the units digit of m?
5
What is the units digit of 417/(-4)*(15 - 27)?
1
Suppose -23*i + 765 = -8*i. Suppose -2*n + 3*s = -10, -4*s + i = 3*n + 19. What is the units digit of n?
8
Suppose 5*g - 26 + 16 = 0. Suppose -18 = g*z - 5*r + 3, -3*z - 14 = -4*r. Suppose 4*x - z*u = 106, -x + 9 + 19 = -u. What is the units digit of x?
5
Suppose -b + 984 = 401. What is the tens digit of b?
8
What is the thousands digit of 3978 - (-3 + 10)*(1 - 2)?
3
Let o = -36 - -43. Suppose 4*y - 2*j = -o*j + 149, 2*y - 91 = 3*j. What is the units digit of y?
1
Suppose -2*g + 7222 = -4*m, 3*g + 2*m = -0*g + 10857. What is the units digit of g?
7
Let h = 23 + -16. Suppose -h = 3*a + 14. What is the tens digit of (-2)/((42/45)/a)?
1
Let p(h) = -11*h + 16. Let o be p(7). Let t = o - -1. Let c = 84 + t. What is the tens digit of c?
2
Suppose 2*r + 2*s + 1 = 11, -2*r + 5*s = 4. Suppose g = r*g - 8. What is the units digit of g*1*45/6?
0
Suppose 4*j + 2*u + 432 = 5*u, -2*u + 108 = -j. Let a = -36 - j. Suppose -3*p = 4*n - a, n - 4*p = -3*n + 100. What is the tens digit of n?
2
Let t(c) = -12*c + 30*c + 6156 - 6190. What is the tens digit of t(19)?
0
Suppose 5*u = 4221 + 3674. Suppose 5*a - n = 4*n + 1570, 4*n - u = -5*a. What is the units digit of a?
5
Suppose 40 = -2*x - 3*x. What is the units digit of (-298)/x + (-2 - 14/(-8))?
7
Let j be (7*(-2)/2)/1. Let h = 0 - 4. Let c = h - j. What is the units digit of c?
3
Suppose -8*k + 891968 = -16*k. What is the tens digit of (k/(-35))/11 - (-2)/5?
9
Let g(c) = -15*c - 1. Let n = -9 + 12. Let u be n/(-4) + (-2)/8. What is the units digit of g(u)?
4
Suppose -11 = -2*l + 197. Suppose -6*q = -q - 4*t - 248, 2*q - l = 4*t. What is the units digit of q?
8
Let m(f) = 2*f + 17. Let g be m(-6). Suppose 15 = g*c - 0. Suppose c = 3*w - 0, 4*w + 15 = z. What is the tens digit of z?
1
Suppose 17*o - 37388 = 22520. What is the hundreds digit of o?
5
Suppose 4*k + 5*s - s = 20, 0 = -4*k - s + 11. Suppose -2 = -k*n + 4*t, -n + 16 = t + 3. Let z = n + -7. What is the units digit of z?
2
Suppose a = 4 - 6. Let n be (a/(-3))/(6/279). Suppose 5*t = n + 54. What is the tens digit of t?
1
Suppose -i + 2*i - 538 = -2*r, -4*r = i - 538. What is the units digit of i?
8
Suppose -b = -4*j + 2505, 0 = -2*j - 3*b + 8*b + 1275. What is the tens digit of j?
2
Suppose 0*h - 70 = -4*x - 2*h, 0 = -2*x - 2*h + 38. Suppose -11*y + 24*y - 13 = 0. Suppose -a + x = y. What is the units digit of a?
5
What is the hundreds digit of (40/60)/((-1)/(-6147))?
0
Suppose 59*n = 63*n - 1344. What is the tens digit of n?
3
Suppose -g + 23 = -w, 0 = -5*g - 2*w + 61 + 33. What is the tens digit of (-8)/g + (-2166)/(-15)?
4
Let t = 16 - -7. Suppose 0 = 27*r - 28*r + t. What is the units digit of r?
3
Suppose 0 = -0*a + 3*a - 4*b - 5, a - 4*b = 7. Let q = a - -4. Suppose q*j = -0*j - 4*k + 96, 4*j + 3*k = 128. What is the units digit of j?
2
Suppose -2*d - 2*d + u = -4691, d + 4*u - 1160 = 0. What is the thousands digit of d?
1
Let c(z) = z**3 - 2*z**2 - 9*z + 9. Let v be c(4). Let x(t) = 0*t + 8 + t + 5*t. What is the tens digit of x(v)?
3
Let n(w) = 4*w**2 + 6*w + 27. Suppose 3*h - 2*i + 13 = 0, h = -i - 3*i - 23. What is the hundreds digit of n(h)?
1
Suppose 12*m - 7*m - v - 337 = 0, 0 = -2*m + 5*v + 144. What is the tens digit of m?
6
Let l(n) = 41*n - 153. What is the tens digit of l(6)?
9
Let b = 12 + -3. Let u(p) = -11 + 3*p**2 + 2*p**2 + 10*p + 4*p**2 - p**3. What is the tens digit of u(b)?
7
Suppose 0 = 2*f - 111 - 11. Let a = -39 + f. What is the units digit of a?
2
Let i = 366 - 251. What is the hundreds digit of i?
1
Let h be 46 - 1/((-3)/(-6)). Let c = 88 - h. What is the tens digit of c?
4
Let g = -6 - -8. Suppose -68 = -11*k - 24. Suppose 28 = 5*l - b - 141, -138 = -k*l - g*b. What is the tens digit of l?
3
Let g = 2280 - 956. What is the thousands digit of g?
1
Suppose -2*j = 2*k - 570, -3*j = -5*k + 1806 - 389. Let r be (-2)/(-4) - k/(-8). What is the units digit of (r/(-5))/(6/(-20))?
4
Let k(c) = 2*c**2 - 6*c + 6. Let w(y) = y**2 + 22*y - 30. Let a be w(-23). What is the units digit of k(a)?
6
Let i be (-3 - 18/14)*-7. Suppose 0 = 4*v - 5*c - 6 - i, -4 = c. What is the units digit of v?
4
Let f be (-2)/11 - 12548/(-44). What is the tens digit of (4/5)/(6/f)?
3
Suppose -7400 = -11*a + 4656. What is the thousands digit of a?
1
Let g be (-80)/(-35) + 4/(-14). Suppose -g*c + 10 + 8 = 0. What is the units digit of c?
9
Suppose -8962 = -3*t - o - 2198, 0 = -2*t - 4*o + 4526. What is the hundreds digit of t?
2
Let s(j) = -j**2 - 4*j + 3. Let a be s(0). Suppose 0 = 5*p + a*x - 95, -3*p = -4*x - 39 - 47. What is the units digit of p?
2
Let b(p) = p**3 - 13*p**2 + 17*p - 25. Let o be b(12). Suppose 4*u + 0*u + 12 = -2*q, 3*q = -5*u - 13. Suppose -q*h - h = -o. What is the units digit of h?
7
Let f(g) = g**3 - 7*g**2 + 10*g + 4. Let v be f(5). What is the tens digit of -1*(v*-14 - 4)?
6
Suppose -5*g = 3*w - 25 - 6, w + g - 7 = 0. Suppose 50 = w*x - 104. What is the tens digit of x?
7
Let c(y) = -16*y**3 - 9*y**2 + 2*y + 3. Let z be c(-2). Suppose -4*l + 149 = 3*n, n - 26 = -l - 2*n. Let o = z - l. What is the tens digit of o?
5
Let a(d) = d**3 + 8*d**2 - d - 8. Let q be a(-8). Suppose -5*g + 211 + 179 = q. Let l = g + -55. What is the units digit of l?
3
Let u = -113 - -71. Let m be u + (6 - 12/4). What is the units digit of (-1449)/m - 4/26?
7
Let m = -2925 + 4654. What is the hundreds digit of m?
7
Suppose -5*k - 16 = -k. Let c be 86/7 + 32/(-112). What is the units digit of (k/(-8) + 0)*c?
6
Let l(y) = -10 + 6*y**2 - 11 + 16*y**2 + 8. What is the units digit of l(-3)?
5
Let q be ((-35)/(-10) + -4)*0. Suppose -2*t + q*t + 6 = 5*b, -4*b = 16. What is the tens digit of t?
1
Let v(w) = -w**2 + 8*w + 19. Suppose 4*x + 0*l = l + 41, 0 = -5*x + 4*l + 6